{"id":521,"date":"2015-10-27T23:33:32","date_gmt":"2015-10-27T21:33:32","guid":{"rendered":"http:\/\/kammermusik-im-bibliothekssaal.de\/?page_id=521"},"modified":"2015-11-01T22:50:33","modified_gmt":"2015-11-01T21:50:33","slug":"24-maerz-2013-kontraste","status":"publish","type":"page","link":"https:\/\/kammermusik-im-bibliothekssaal.de\/?page_id=521","title":{"rendered":"24. M\u00e4rz 2013: Kontraste"},"content":{"rendered":"<p style=\"padding-left: 120px;\">Johannes Brahms: Klaviertrio c-moll op. 101<\/p>\n<p style=\"padding-left: 240px;\">Trio a-moll f\u00fcr Klarinette, Violoncello und Klavier op. 114<\/p>\n<p style=\"padding-left: 240px;\"><em>Zigeunerlieder<\/em> op. 103<\/p>\n<p style=\"padding-left: 120px;\">B\u00e9la Bart\u00f3k: <em>Kontraste<\/em>\u00a0f\u00fcr Klarinette, Violine und Klavier<\/p>\n<p style=\"padding-left: 120px;\">Maurice Ravel: Chansons mad\u00e9casses<\/p>\n<hr \/>\n<div id=\"id3\" class=\"style_SkipStroke_1 shape-with-text\">\n<div class=\"text-content style_External_283_129\">\n<div class=\"style\">\n<p class=\"paragraph_style_7\" style=\"padding-left: 120px;\"><img loading=\"lazy\" decoding=\"async\" class=\"alignright wp-image-524\" src=\"https:\/\/kammermusik-im-bibliothekssaal.de\/wp-content\/uploads\/2015\/10\/Kontraste_24.03.13-1024x575.jpg\" alt=\"Kontraste_24.03.13\" width=\"580\" height=\"326\" srcset=\"https:\/\/kammermusik-im-bibliothekssaal.de\/wp-content\/uploads\/2015\/10\/Kontraste_24.03.13-1024x575.jpg 1024w, https:\/\/kammermusik-im-bibliothekssaal.de\/wp-content\/uploads\/2015\/10\/Kontraste_24.03.13-300x168.jpg 300w, https:\/\/kammermusik-im-bibliothekssaal.de\/wp-content\/uploads\/2015\/10\/Kontraste_24.03.13.jpg 1902w\" sizes=\"(max-width: 580px) 100vw, 580px\" \/><\/p>\n<\/div>\n<\/div>\n<\/div>\n<div class=\"spacer\">\n<div id=\"id3\" class=\"style_SkipStroke_1 shape-with-text\">\n<div class=\"text-content style_External_283_129\">\n<div class=\"style\">\n<p class=\"paragraph_style_7\" style=\"padding-left: 120px;\"><span class=\"style_2\">Barbara Schmidt-Gaden, Sopran \/\/\u00a0<\/span><span class=\"style_2\">Uta Sasgen, Fl\u00f6te \/\/\u00a0<\/span><span class=\"style_2\">Michael Meinel, Klarinette \/\/\u00a0<\/span><span class=\"style_2\">Katja L\u00e4mmermann, Judith Adam, Violine \/\/\u00a0<\/span><span class=\"style_2\">Franz Lichtenstern, Violoncello \/\/\u00a0<\/span><span class=\"style_2\">Anke Schwabe, Aya Meinel, Klavie<\/span>r<\/p>\n<hr \/>\n<p class=\"paragraph_style_8\" style=\"padding-left: 120px;\"><a href=\"https:\/\/kammermusik-im-bibliothekssaal.de\/wp-content\/uploads\/2015\/10\/Programm_24.03.13.pdf\" target=\"_blank\">Programmheft<\/a><\/p>\n<p class=\"paragraph_style_8\" style=\"padding-left: 120px;\"><a href=\"https:\/\/kammermusik-im-bibliothekssaal.de\/wp-content\/uploads\/2015\/10\/LT_28.03.13.pdf\" target=\"_blank\">Kritik aus dem\u00a0<em>Landsberger Tagblatt<\/em><\/a><\/p>\n<hr \/>\n<p class=\"paragraph_style_8\" style=\"padding-left: 120px;\">\n<\/div>\n<\/div>\n<\/div>\n<\/div>\n<p style=\"padding-left: 120px;\">\n","protected":false},"excerpt":{"rendered":"<p>Johannes Brahms: Klaviertrio c-moll op. 101 Trio a-moll f\u00fcr Klarinette, Violoncello und Klavier op. 114 Zigeunerlieder op. 103 B\u00e9la Bart\u00f3k: Kontraste\u00a0f\u00fcr Klarinette, Violine und Klavier Maurice Ravel: Chansons mad\u00e9casses Barbara Schmidt-Gaden, Sopran \/\/\u00a0Uta Sasgen, Fl\u00f6te \/\/\u00a0Michael Meinel, Klarinette \/\/\u00a0Katja L\u00e4mmermann,<\/p>\n","protected":false},"author":1,"featured_media":123,"parent":80,"menu_order":2,"comment_status":"closed","ping_status":"closed","template":"","meta":{"footnotes":""},"class_list":["post-521","page","type-page","status-publish","has-post-thumbnail","hentry"],"_links":{"self":[{"href":"https:\/\/kammermusik-im-bibliothekssaal.de\/index.php?rest_route=\/wp\/v2\/pages\/521"}],"collection":[{"href":"https:\/\/kammermusik-im-bibliothekssaal.de\/index.php?rest_route=\/wp\/v2\/pages"}],"about":[{"href":"https:\/\/kammermusik-im-bibliothekssaal.de\/index.php?rest_route=\/wp\/v2\/types\/page"}],"author":[{"embeddable":true,"href":"https:\/\/kammermusik-im-bibliothekssaal.de\/index.php?rest_route=\/wp\/v2\/users\/1"}],"replies":[{"embeddable":true,"href":"https:\/\/kammermusik-im-bibliothekssaal.de\/index.php?rest_route=%2Fwp%2Fv2%2Fcomments&post=521"}],"version-history":[{"count":10,"href":"https:\/\/kammermusik-im-bibliothekssaal.de\/index.php?rest_route=\/wp\/v2\/pages\/521\/revisions"}],"predecessor-version":[{"id":749,"href":"https:\/\/kammermusik-im-bibliothekssaal.de\/index.php?rest_route=\/wp\/v2\/pages\/521\/revisions\/749"}],"up":[{"embeddable":true,"href":"https:\/\/kammermusik-im-bibliothekssaal.de\/index.php?rest_route=\/wp\/v2\/pages\/80"}],"wp:featuredmedia":[{"embeddable":true,"href":"https:\/\/kammermusik-im-bibliothekssaal.de\/index.php?rest_route=\/wp\/v2\/media\/123"}],"wp:attachment":[{"href":"https:\/\/kammermusik-im-bibliothekssaal.de\/index.php?rest_route=%2Fwp%2Fv2%2Fmedia&parent=521"}],"curies":[{"name":"wp","href":"https:\/\/api.w.org\/{rel}","templated":true}]}}

24. März 2013: Kontraste

<p style="padding-left: 120px;">Johannes Brahms: Klaviertrio c-moll op. 101</p>
<p style="padding-left: 240px;">Trio a-moll für Klarinette, Violoncello und Klavier op. 114</p>
<p style="padding-left: 240px;"><em>Zigeunerlieder</em> op. 103</p>
<p style="padding-left: 120px;">Béla Bartók: <em>Kontraste</em> für Klarinette, Violine und Klavier</p>
<p style="padding-left: 120px;">Maurice Ravel: Chansons madécasses</p>
<hr />
<div id="id3" class="style_SkipStroke_1 shape-with-text">
<div class="text-content style_External_283_129">
<div class="style">
<p class="paragraph_style_7" style="padding-left: 120px;"><img loading="lazy" decoding="async" class="alignright wp-image-524" src="https://kammermusik-im-bibliothekssaal.de/wp-content/uploads/2015/10/Kontraste_24.03.13-1024x575.jpg" alt="Kontraste_24.03.13" width="580" height="326" srcset="https://kammermusik-im-bibliothekssaal.de/wp-content/uploads/2015/10/Kontraste_24.03.13-1024x575.jpg 1024w, https://kammermusik-im-bibliothekssaal.de/wp-content/uploads/2015/10/Kontraste_24.03.13-300x168.jpg 300w, https://kammermusik-im-bibliothekssaal.de/wp-content/uploads/2015/10/Kontraste_24.03.13.jpg 1902w" sizes="(max-width: 580px) 100vw, 580px" /></p>
</div>
</div>
</div>
<div class="spacer">
<div id="id3" class="style_SkipStroke_1 shape-with-text">
<div class="text-content style_External_283_129">
<div class="style">
<p class="paragraph_style_7" style="padding-left: 120px;"><span class="style_2">Barbara Schmidt-Gaden, Sopran // </span><span class="style_2">Uta Sasgen, Flöte // </span><span class="style_2">Michael Meinel, Klarinette // </span><span class="style_2">Katja Lämmermann, Judith Adam, Violine // </span><span class="style_2">Franz Lichtenstern, Violoncello // </span><span class="style_2">Anke Schwabe, Aya Meinel, Klavie</span>r</p>
<hr />
<p class="paragraph_style_8" style="padding-left: 120px;"><a href="https://kammermusik-im-bibliothekssaal.de/wp-content/uploads/2015/10/Programm_24.03.13.pdf" target="_blank">Programmheft</a></p>
<p class="paragraph_style_8" style="padding-left: 120px;"><a href="https://kammermusik-im-bibliothekssaal.de/wp-content/uploads/2015/10/LT_28.03.13.pdf" target="_blank">Kritik aus dem <em>Landsberger Tagblatt</em></a></p>
<hr />
<p class="paragraph_style_8" style="padding-left: 120px;">
</div>
</div>
</div>
</div>
<p style="padding-left: 120px;">

<p>Johannes Brahms: Klaviertrio c-moll op. 101 Trio a-moll für Klarinette, Violoncello und Klavier op. 114 Zigeunerlieder op. 103 Béla Bartók: Kontraste für Klarinette, Violine und Klavier Maurice Ravel: Chansons madécasses Barbara Schmidt-Gaden, Sopran // Uta Sasgen, Flöte // Michael Meinel, Klarinette // Katja Lämmermann,</p>
