{"id":429,"date":"2015-10-27T00:01:18","date_gmt":"2015-10-26T22:01:18","guid":{"rendered":"http:\/\/kammermusik-im-bibliothekssaal.de\/?page_id=429"},"modified":"2020-05-24T15:11:50","modified_gmt":"2020-05-24T13:11:50","slug":"sonderkonzert-zum-dominikus-zimmermann-jahr-2016","status":"publish","type":"page","link":"https:\/\/kammermusik-im-bibliothekssaal.de\/?page_id=429","title":{"rendered":"Erinnerungen"},"content":{"rendered":"<p>F\u00fcr die Zeit ohne Konzerte, deren Ende leider noch nicht nicht in Sicht ist, gibt es nun f\u00fcr die Vorfreude und als Erinnerungen an 10 Jahre Kammermusik einige Videoaufnahmen auf einem vimeo-Videokanal:<\/p>\n<p><\/p>\n<div class=\"wp-block-image\">\n<figure class=\"alignright is-resized\"><img loading=\"lazy\" decoding=\"async\" class=\"wp-image-1841 alignright\" src=\"https:\/\/kammermusik-im-bibliothekssaal.de\/wp-content\/uploads\/2020\/04\/bayertor.jpg\" alt=\"\" width=\"122\" height=\"181\" srcset=\"https:\/\/kammermusik-im-bibliothekssaal.de\/wp-content\/uploads\/2020\/04\/bayertor.jpg 303w, https:\/\/kammermusik-im-bibliothekssaal.de\/wp-content\/uploads\/2020\/04\/bayertor-202x300.jpg 202w, https:\/\/kammermusik-im-bibliothekssaal.de\/wp-content\/uploads\/2020\/04\/bayertor-101x150.jpg 101w\" sizes=\"(max-width: 122px) 100vw, 122px\" \/><\/figure>\n<\/div>\n<p><a href=\"https:\/\/vimeo.com\/showcase\/kammermusikll\" target=\"_blank\" rel=\"noreferrer noopener\">https:\/\/vimeo.com\/showcase\/kammermusikll<\/a><br \/>Das Passwort zu den Videos ist das Geb\u00e4ude auf dem Foto rechts, erster Buchstabe gro\u00df.<\/p>\n<p>Die Aufnahmen sind nur als Erinnerungen entstanden und eigentlich nicht f\u00fcr die \u00d6ffentlichkeit gedacht gewesen. Entschuldigen Sie daher die m\u00e4\u00dfige Qualit\u00e4t.<br \/>Ein Video kann sowieso nie ein Konzert ann\u00e4hernd ersetzen. Hoffen wir, dass bald wieder echte Musik mit Zuh\u00f6rern m\u00f6glich ist.<\/p>\n<p><\/p>\n<p>Trotz allem viel Freude beim Erinnern und H\u00f6ren!<\/p>\n\n\n<p><\/p>\n","protected":false},"excerpt":{"rendered":"<p>an 10 Jahre Kammermusik<\/p>\n","protected":false},"author":1,"featured_media":704,"parent":0,"menu_order":0,"comment_status":"closed","ping_status":"closed","template":"","meta":{"footnotes":""},"class_list":["post-429","page","type-page","status-publish","has-post-thumbnail","hentry"],"_links":{"self":[{"href":"https:\/\/kammermusik-im-bibliothekssaal.de\/index.php?rest_route=\/wp\/v2\/pages\/429"}],"collection":[{"href":"https:\/\/kammermusik-im-bibliothekssaal.de\/index.php?rest_route=\/wp\/v2\/pages"}],"about":[{"href":"https:\/\/kammermusik-im-bibliothekssaal.de\/index.php?rest_route=\/wp\/v2\/types\/page"}],"author":[{"embeddable":true,"href":"https:\/\/kammermusik-im-bibliothekssaal.de\/index.php?rest_route=\/wp\/v2\/users\/1"}],"replies":[{"embeddable":true,"href":"https:\/\/kammermusik-im-bibliothekssaal.de\/index.php?rest_route=%2Fwp%2Fv2%2Fcomments&post=429"}],"version-history":[{"count":20,"href":"https:\/\/kammermusik-im-bibliothekssaal.de\/index.php?rest_route=\/wp\/v2\/pages\/429\/revisions"}],"predecessor-version":[{"id":1850,"href":"https:\/\/kammermusik-im-bibliothekssaal.de\/index.php?rest_route=\/wp\/v2\/pages\/429\/revisions\/1850"}],"wp:featuredmedia":[{"embeddable":true,"href":"https:\/\/kammermusik-im-bibliothekssaal.de\/index.php?rest_route=\/wp\/v2\/media\/704"}],"wp:attachment":[{"href":"https:\/\/kammermusik-im-bibliothekssaal.de\/index.php?rest_route=%2Fwp%2Fv2%2Fmedia&parent=429"}],"curies":[{"name":"wp","href":"https:\/\/api.w.org\/{rel}","templated":true}]}}

<p>Für die Zeit ohne Konzerte, deren Ende leider noch nicht nicht in Sicht ist, gibt es nun für die Vorfreude und als Erinnerungen an 10 Jahre Kammermusik einige Videoaufnahmen auf einem vimeo-Videokanal:</p>
<p></p>
<div class="wp-block-image">
<figure class="alignright is-resized"><img loading="lazy" decoding="async" class="wp-image-1841 alignright" src="https://kammermusik-im-bibliothekssaal.de/wp-content/uploads/2020/04/bayertor.jpg" alt="" width="122" height="181" srcset="https://kammermusik-im-bibliothekssaal.de/wp-content/uploads/2020/04/bayertor.jpg 303w, https://kammermusik-im-bibliothekssaal.de/wp-content/uploads/2020/04/bayertor-202x300.jpg 202w, https://kammermusik-im-bibliothekssaal.de/wp-content/uploads/2020/04/bayertor-101x150.jpg 101w" sizes="(max-width: 122px) 100vw, 122px" /></figure>
</div>
<p><a href="https://vimeo.com/showcase/kammermusikll" target="_blank" rel="noreferrer noopener">https://vimeo.com/showcase/kammermusikll</a><br />Das Passwort zu den Videos ist das Gebäude auf dem Foto rechts, erster Buchstabe groß.</p>
<p>Die Aufnahmen sind nur als Erinnerungen entstanden und eigentlich nicht für die Öffentlichkeit gedacht gewesen. Entschuldigen Sie daher die mäßige Qualität.<br />Ein Video kann sowieso nie ein Konzert annähernd ersetzen. Hoffen wir, dass bald wieder echte Musik mit Zuhörern möglich ist.</p>
<p></p>
<p>Trotz allem viel Freude beim Erinnern und Hören!</p>


<p></p>
