{"id":148,"date":"2015-10-21T21:38:00","date_gmt":"2015-10-21T19:38:00","guid":{"rendered":"http:\/\/kammermusik-im-bibliothekssaal.de\/?page_id=148"},"modified":"2022-11-15T23:00:29","modified_gmt":"2022-11-15T22:00:29","slug":"karten-i-abonnement","status":"publish","type":"page","link":"https:\/\/kammermusik-im-bibliothekssaal.de\/?page_id=148","title":{"rendered":"Karten"},"content":{"rendered":"<div id=\"id1\" class=\"style_SkipStroke shape-with-text\">\n<div class=\"text-content style_External_468_524\">\n<div class=\"style\">\n<p class=\"paragraph_style\"><strong><span class=\"style_1\">Karten zu 20 \u20ac<\/span> <span class=\"style_2\">(10 \u20ac f\u00fcr Sch\u00fcler\/Studenten bis 26 Jahre), freie Platzwahl<\/span><\/strong><\/p>\n<p class=\"paragraph_style_4\"><span class=\"style_1\">Kartenvorverkauf<\/span><span class=\"style_3\"> ab 4 Wochen vor dem Konzert in Landsberg am Lech beim<\/span> <a class=\"style_1\" title=\"http:\/\/www.derpart24.de\/vivell\/unser_buero\/tickets.html\" href=\"http:\/\/www.derpart24.de\/vivell\/unser_buero\/tickets.html\" target=\"_blank\" rel=\"noopener noreferrer\">Landsberger Ticketservice Vivell<\/a><span class=\"style_3\">, Hauptplatz 149.<\/span><\/p>\n<hr \/>\n<p class=\"paragraph_style_2\"><strong><span class=\"style_1\">Reservierungen<\/span><\/strong><span class=\"style_3\"><strong>:<\/strong><br \/><\/span><\/p>\n<p class=\"paragraph_style_5\"><span class=\"style_3\">nur per email unter <\/span><a class=\"style_1\" title=\"mailto:karten@kammermusik-landsberg.de?subject=Kartenvorbestellung\" href=\"mailto:karten@kammermusik-landsberg.de?subject=Kartenvorbestellung\">karten@kammermusik-landsberg.de<\/a><span class=\"style_1\"> ab 4 Wochen vor dem Konzert.<br \/><\/span>Die reservierten Karten m\u00fcssen an der Abendkasse bis 17:45 Uhr abgeholt werden.<\/p>\n<hr \/>\n<p><span style=\"color: #003300;\"><strong>Abonnements sind zur Zeit leider nicht m\u00f6glich.<\/strong><\/span><span style=\"color: #000000;\"><br \/><\/span><\/p>\n<hr \/>\n<p class=\"paragraph_style_16\">Gerne k\u00f6nnen Sie nat\u00fcrlich auch dar\u00fcber hinaus die Kammermusikreihe finanziell unterst\u00fctzen. Sie erhalten \u00fcber jeden Betrag eine steuerabzugsf\u00e4hige Spendenquittung.<\/p>\n<\/div>\n<\/div>\n<\/div>\n\n\n<p><\/p>\n","protected":false},"excerpt":{"rendered":"<p>Kartenvorverkauf<br \/>\nReservierungen<br \/>\nAbonnements<\/p>\n","protected":false},"author":1,"featured_media":150,"parent":0,"menu_order":0,"comment_status":"closed","ping_status":"closed","template":"","meta":{"footnotes":""},"class_list":["post-148","page","type-page","status-publish","has-post-thumbnail","hentry"],"_links":{"self":[{"href":"https:\/\/kammermusik-im-bibliothekssaal.de\/index.php?rest_route=\/wp\/v2\/pages\/148"}],"collection":[{"href":"https:\/\/kammermusik-im-bibliothekssaal.de\/index.php?rest_route=\/wp\/v2\/pages"}],"about":[{"href":"https:\/\/kammermusik-im-bibliothekssaal.de\/index.php?rest_route=\/wp\/v2\/types\/page"}],"author":[{"embeddable":true,"href":"https:\/\/kammermusik-im-bibliothekssaal.de\/index.php?rest_route=\/wp\/v2\/users\/1"}],"replies":[{"embeddable":true,"href":"https:\/\/kammermusik-im-bibliothekssaal.de\/index.php?rest_route=%2Fwp%2Fv2%2Fcomments&post=148"}],"version-history":[{"count":21,"href":"https:\/\/kammermusik-im-bibliothekssaal.de\/index.php?rest_route=\/wp\/v2\/pages\/148\/revisions"}],"predecessor-version":[{"id":2564,"href":"https:\/\/kammermusik-im-bibliothekssaal.de\/index.php?rest_route=\/wp\/v2\/pages\/148\/revisions\/2564"}],"wp:featuredmedia":[{"embeddable":true,"href":"https:\/\/kammermusik-im-bibliothekssaal.de\/index.php?rest_route=\/wp\/v2\/media\/150"}],"wp:attachment":[{"href":"https:\/\/kammermusik-im-bibliothekssaal.de\/index.php?rest_route=%2Fwp%2Fv2%2Fmedia&parent=148"}],"curies":[{"name":"wp","href":"https:\/\/api.w.org\/{rel}","templated":true}]}}