{"id":1440,"date":"2017-06-12T09:22:01","date_gmt":"2017-06-12T07:22:01","guid":{"rendered":"http:\/\/kammermusik-im-bibliothekssaal.de\/?page_id=1440"},"modified":"2017-06-12T09:25:00","modified_gmt":"2017-06-12T07:25:00","slug":"7-mai-2017-brahms-geburtstag","status":"publish","type":"page","link":"https:\/\/kammermusik-im-bibliothekssaal.de\/?page_id=1440","title":{"rendered":"7. Mai 2017: Brahms&#8216; Geburtstag"},"content":{"rendered":"<p>Wilhelm Berger: Trio f\u00fcr Klarinette, Violoncello und Klavier g-moll op. 94<br \/>\nJohannes Brahms: Sonate f\u00fcr Klavier und Violoncello F-Dur op. 99<br \/>\nErnst von Dohn\u00e1nyi: Sextett f\u00fcr Klavier, Violine, Viola, Violoncello, Klarinette und Horn C-Dur p. 37<\/p>\n<hr \/>\n<p>Michael Meinel, Klarinette \/\/ Dorothea Bender, Horn \/\/ Kumiko Yamauchi, Violine \/\/ Dorothea Galler, Viola \/\/ Franz Lichtenstern, Violoncello \/\/ Aya Meinel und Anke Schwabe, Klavier<\/p>\n<hr \/>\n<p><a href=\"https:\/\/kammermusik-im-bibliothekssaal.de\/wp-content\/uploads\/2017\/04\/Programm_Brahms_Geburtstag.pdf\" target=\"_blank\" rel=\"noopener noreferrer\">Programmheft<br \/>\n<\/a><a href=\"https:\/\/kammermusik-im-bibliothekssaal.de\/wp-content\/uploads\/2017\/06\/LT_16.05.17.pdf\" target=\"_blank\" rel=\"noopener noreferrer\">Kritik aus dem Landsberger Tagblatt<\/a><\/p>\n","protected":false},"excerpt":{"rendered":"<p>Wilhelm Berger: Trio f\u00fcr Klarinette, Violoncello und Klavier g-moll op. 94 Johannes Brahms: Sonate f\u00fcr Klavier und Violoncello F-Dur op. 99 Ernst von Dohn\u00e1nyi: Sextett f\u00fcr Klavier, Violine, Viola, Violoncello, Klarinette und Horn C-Dur p. 37 Michael Meinel, Klarinette \/\/<\/p>\n","protected":false},"author":1,"featured_media":1278,"parent":1374,"menu_order":3,"comment_status":"closed","ping_status":"closed","template":"","meta":{"footnotes":""},"class_list":["post-1440","page","type-page","status-publish","has-post-thumbnail","hentry"],"_links":{"self":[{"href":"https:\/\/kammermusik-im-bibliothekssaal.de\/index.php?rest_route=\/wp\/v2\/pages\/1440"}],"collection":[{"href":"https:\/\/kammermusik-im-bibliothekssaal.de\/index.php?rest_route=\/wp\/v2\/pages"}],"about":[{"href":"https:\/\/kammermusik-im-bibliothekssaal.de\/index.php?rest_route=\/wp\/v2\/types\/page"}],"author":[{"embeddable":true,"href":"https:\/\/kammermusik-im-bibliothekssaal.de\/index.php?rest_route=\/wp\/v2\/users\/1"}],"replies":[{"embeddable":true,"href":"https:\/\/kammermusik-im-bibliothekssaal.de\/index.php?rest_route=%2Fwp%2Fv2%2Fcomments&post=1440"}],"version-history":[{"count":2,"href":"https:\/\/kammermusik-im-bibliothekssaal.de\/index.php?rest_route=\/wp\/v2\/pages\/1440\/revisions"}],"predecessor-version":[{"id":1444,"href":"https:\/\/kammermusik-im-bibliothekssaal.de\/index.php?rest_route=\/wp\/v2\/pages\/1440\/revisions\/1444"}],"up":[{"embeddable":true,"href":"https:\/\/kammermusik-im-bibliothekssaal.de\/index.php?rest_route=\/wp\/v2\/pages\/1374"}],"wp:featuredmedia":[{"embeddable":true,"href":"https:\/\/kammermusik-im-bibliothekssaal.de\/index.php?rest_route=\/wp\/v2\/media\/1278"}],"wp:attachment":[{"href":"https:\/\/kammermusik-im-bibliothekssaal.de\/index.php?rest_route=%2Fwp%2Fv2%2Fmedia&parent=1440"}],"curies":[{"name":"wp","href":"https:\/\/api.w.org\/{rel}","templated":true}]}}

<p>Wilhelm Berger: Trio für Klarinette, Violoncello und Klavier g-moll op. 94<br />
Johannes Brahms: Sonate für Klavier und Violoncello F-Dur op. 99<br />
Ernst von Dohnányi: Sextett für Klavier, Violine, Viola, Violoncello, Klarinette und Horn C-Dur p. 37</p>
<hr />
<p>Michael Meinel, Klarinette // Dorothea Bender, Horn // Kumiko Yamauchi, Violine // Dorothea Galler, Viola // Franz Lichtenstern, Violoncello // Aya Meinel und Anke Schwabe, Klavier</p>
<hr />
<p><a href="https://kammermusik-im-bibliothekssaal.de/wp-content/uploads/2017/04/Programm_Brahms_Geburtstag.pdf" target="_blank" rel="noopener noreferrer">Programmheft<br />
</a><a href="https://kammermusik-im-bibliothekssaal.de/wp-content/uploads/2017/06/LT_16.05.17.pdf" target="_blank" rel="noopener noreferrer">Kritik aus dem Landsberger Tagblatt</a></p>

<p>Wilhelm Berger: Trio für Klarinette, Violoncello und Klavier g-moll op. 94 Johannes Brahms: Sonate für Klavier und Violoncello F-Dur op. 99 Ernst von Dohnányi: Sextett für Klavier, Violine, Viola, Violoncello, Klarinette und Horn C-Dur p. 37 Michael Meinel, Klarinette //</p>
